{"id":517,"date":"2020-04-03T11:47:40","date_gmt":"2020-04-03T09:47:40","guid":{"rendered":"http:\/\/sibenik-meteo.hr\/?page_id=517"},"modified":"2022-02-20T20:39:56","modified_gmt":"2022-02-20T19:39:56","slug":"agrometeorologija","status":"publish","type":"page","link":"https:\/\/sibenik-meteo.hr\/index.php\/agrometeorologija\/","title":{"rendered":"Agrometeorologija"},"content":{"rendered":"<h3 style=\"color: blue; text-align: center;\">Agrometeorolo\u0161ka prognoza<\/h3><br><br><br><section><h5>Stanje 31.03.2026. - 07.04.2026.<\/h5><br><p>U proteklih sedam dana minimalna vrijednost temperature zraka u nizinama spustila se do -0.7 \u00b0C koliko je izmjereno u Vara\u017edinu, u gorju u Gospi\u0107u do -2.5 \u00b0C (Zavi\u017ean -5.3 \u00b0C, Parg -0.2 \u00b0C), a na Jadranu -4.4 \u00b0C koliko je izmjereno u Puli (Pazin 1.3 \u00b0C, Knin 3.0 \u00b0C). Najni\u017ea temperatura zraka na 5 cm od tla u nizinskom dijelu u iznosu od -4.7 \u00b0C izmjerena je u Vara\u017edinu, u gorskom -5.2 \u00b0C u Gospi\u0107u (Zavi\u017ean -5.5 \u00b0C, Parg -2.0 \u00b0C), a na Jadranu 0.6 \u00b0C koliko je izmjereno u Pore\u010du (Knin -1.3 \u00b0C, Pazin -1.0 \u00b0C). Maksimalna vrijednost temperature zraka u nizinama od 25.7 \u00b0C izmjerena je u Karlovcu, u gorju 24.3 \u00b0C u Ogulinu, a du\u017e Jadrana 22.9 \u00b0C koliko je izmjereno u Dubrovniku (Pazin 23.7 \u00b0C, Knin 24.3 \u00b0C). Akumulirana toplina u ve\u0107ini zemlje je bila iznad vi\u0161egodi\u0161njeg prosjeka. Najvi\u0161e oborine zabilje\u017eeno je na postajama Zavi\u017ean 15.9 mm, Daruvar 15.5 mm, Komi\u017ea 14.7 mm. Maksimalna visina snijega zabilje\u017eena je na postaji Zavi\u017ean u iznosu od 94.0 cm te u Pargu 3 cm.<\/p><hr><\/section><br><section><h5>Izgledi 11.04.2026. - 13.04.2026.<\/h5><br><p><\/p><hr><\/section><br><section><h5>Prognoza po regijama 31.03.2026. - 07.04.2026.<\/h5><br><\/section><br><section><h5>Dalmacija<\/h5><br><p>Prevladavat \u0107e suho i prete\u017eno sun\u010dano vrijeme. Krajem razdoblja uz pove\u0107anu naoblaku mogu\u0107a je manja koli\u010dina ki\u0161e. Najvi\u0161a temperatura zraka u prvoj polovini razdoblja izme\u0111u 19 \u00b0C i 22 \u00b0C, a u drugoj izme\u0111u 16 \u00b0C i 19 \u00b0C, u unutra\u0161njosti Dalmacije koji stupanj ni\u017ee. Akumulirana toplina bit \u0107e oko vi\u0161egodi\u0161njeg prosjeka za ovo doba godine. Minimalna relativna vlaga o\u010dekuje se oko 30 %, a maksimalna oko 85 %. O\u010dekuje se izme\u0111u 10 i 12 sati Sun\u010deva sjaja dnevno, u petak ne\u0161to manje. Srednja dnevna temperatura tla na dubini od 10 cm prevladavat \u0107e u rasponu od 13 \u00b0C do 17 \u00b0C. O\u010dekuju se povoljni uvjeti za radove na otvorenom.<\/p><hr><\/section><br><section><h5>Istra i Hrvatsko primorje<\/h5><br><p>Cijelim razdobljem prevladavat \u0107e suho i prete\u017eno sun\u010dano vrijeme uz postupni pad temperature zraka. Najvi\u0161e vrijednosti u prvom dijelu razdoblja o\u010dekuju se u rasponu od 18 \u00b0C do 21 \u00b0C, a u drugom od 15 \u00b0C do 18 \u00b0C. Najni\u017ea temperatura zraka od 6 \u00b0C do 10 \u00b0C, u unutra\u0161njosti Istre mogu\u0107e koji stupanj ni\u017ee. Akumulirana toplina bit \u0107e oko vi\u0161egodi\u0161njeg prosjeka. Minimalna relativna vlaga o\u010dekuje se oko 35 %, a maksimalna oko 85 %. O\u010dekuje se izme\u0111u 10 i 12 sati Sun\u010deva sjaja dnevno, u petak ne\u0161to manje. Srednja dnevna temperatura tla na dubini od 10 cm prevladavat \u0107e u rasponu od 12 \u00b0C do 15 \u00b0C. O\u010dekuju se povoljni uvjeti za radove na otvorenom. <\/p><hr><\/section><br><section><h5>Lika i Gorski kotar<\/h5><br><p>O\u010dekuje se suho i prete\u017eno sun\u010dano vrijeme uz osjetni pad temperature zraka u srijedu. Najvi\u0161a temperatura zraka po\u010detkom razdoblja o\u010dekuje se izme\u0111u 18 \u00b0C i 21 \u00b0C, a od srijede izme\u0111u 11 \u00b0C i 15 \u00b0C. Najni\u017ea temperatura zraka izme\u0111u -1 \u00b0C i 1 \u00b0C. Akumulirana toplina bit \u0107e ispod vi\u0161egodi\u0161njeg prosjeka za ovo doba godine. Minimalna relativna vlaga oko 40 %, a maksimalna oko 90 %. O\u010dekuje se preko 10 sati Sun\u010deva sjaja dnevno, u petak osjetno manje. Srednja dnevna temperatura tla na dubini od 10 cm prevladavat \u0107e u rasponu od 8 \u00b0C do 11 \u00b0C. Savjetuje se pripaziti te po potrebi za\u0161tititi bilje osjetljivo na hladno\u0107u. Prevladavat \u0107e povoljni uvjeti za radove na otvorenom.<\/p><hr><\/section><br><section><h5>Sredi\u0161nja i sjeverozapadna Hrvatska<\/h5><br><p>Cijelim razdobljem o\u010dekuje se suho i prete\u017eno sun\u010dano vrijeme uz pad temperature zraka. Najvi\u0161a temperatura zraka po\u010detkom razdoblja izme\u0111u 19 \u00b0C i 22 \u00b0C, od srijede osjetno ni\u017ee. Najni\u017ea temperatura zraka u prvoj polovini od 5 \u00b0C do 8 \u00b0C, a u drugoj od 0 \u00b0C do 4 \u00b0C. Akumulirana toplina bit \u0107e ispod vi\u0161egodi\u0161njeg prosjeka za ovo doba godine. Minimalna relativna vlaga o\u010dekuje se oko 35 %, a maksimalna oko 85 %. O\u010dekuje se preko 10 sati Sun\u010deva sjaja dnevno, u petak osjetno manje. Srednja dnevna temperatura tla na dubini od 10 cm o\u010dekuje se u rasponu od 11 \u00b0C do 14 \u00b0C. Savjetuje se pripaziti te po potrebi za\u0161tititi bilje osjetljivo na hladno\u0107u. Prevladavat \u0107e povoljni uvjeti za radove na otvorenom.<\/p><hr><\/section><br><section><h5>Isto\u010dna Hrvatska<\/h5><br><p>Prevladavat \u0107e suho i prete\u017eno sun\u010dano vrijeme uz osjetni pad temperature zraka prema kraju razdoblja. Najvi\u0161a temperatura zraka o\u010dekuje se po\u010detkom razdoblja izme\u0111u 17 \u00b0C i 20 \u00b0C. Najni\u017ea temperatura zraka na 2 m visine u drugom dijelu razdoblja izme\u0111u 0 \u00b0C i 4 \u00b0C, dok se pri tlu o\u010dekuje ispod to\u010dke smrzavanja. Akumulirana toplina bit \u0107e ispod vi\u0161egodi\u0161njeg prosjeka za ovo doba godine. Minimalna relativna vlaga oko 30 %, a maksimalna oko 90 %. O\u010dekuje se preko 10 sati Sun\u010deva sjaja dnevno, u petak osjetno manje. Srednja dnevna temperatura tla na dubini od 10 cm o\u010dekuje se u rasponu od 10 \u00b0C do 14 \u00b0C. Savjetuje se pripaziti te po potrebi za\u0161tititi bilje osjetljivo na hladno\u0107u. O\u010dekuju se povoljni uvjeti za radove na otvorenom.<\/p><hr><\/section><br>\n\n\n\n<p><\/p>\n","protected":false},"excerpt":{"rendered":"","protected":false},"author":1,"featured_media":0,"parent":0,"menu_order":0,"comment_status":"closed","ping_status":"closed","template":"","meta":{"_monsterinsights_skip_tracking":false,"_monsterinsights_sitenote_active":false,"_monsterinsights_sitenote_note":"","_monsterinsights_sitenote_category":0,"footnotes":""},"class_list":["post-517","page","type-page","status-publish","hentry"],"_links":{"self":[{"href":"https:\/\/sibenik-meteo.hr\/index.php\/wp-json\/wp\/v2\/pages\/517","targetHints":{"allow":["GET"]}}],"collection":[{"href":"https:\/\/sibenik-meteo.hr\/index.php\/wp-json\/wp\/v2\/pages"}],"about":[{"href":"https:\/\/sibenik-meteo.hr\/index.php\/wp-json\/wp\/v2\/types\/page"}],"author":[{"embeddable":true,"href":"https:\/\/sibenik-meteo.hr\/index.php\/wp-json\/wp\/v2\/users\/1"}],"replies":[{"embeddable":true,"href":"https:\/\/sibenik-meteo.hr\/index.php\/wp-json\/wp\/v2\/comments?post=517"}],"version-history":[{"count":6,"href":"https:\/\/sibenik-meteo.hr\/index.php\/wp-json\/wp\/v2\/pages\/517\/revisions"}],"predecessor-version":[{"id":2296,"href":"https:\/\/sibenik-meteo.hr\/index.php\/wp-json\/wp\/v2\/pages\/517\/revisions\/2296"}],"wp:attachment":[{"href":"https:\/\/sibenik-meteo.hr\/index.php\/wp-json\/wp\/v2\/media?parent=517"}],"curies":[{"name":"wp","href":"https:\/\/api.w.org\/{rel}","templated":true}]}}