{"id":398,"date":"2020-04-01T15:49:33","date_gmt":"2020-04-01T13:49:33","guid":{"rendered":"http:\/\/sibenik-meteo.hr\/?page_id=398"},"modified":"2020-04-04T07:50:00","modified_gmt":"2020-04-04T05:50:00","slug":"hrvatska-sutra","status":"publish","type":"page","link":"https:\/\/sibenik-meteo.hr\/index.php\/hrvatska-sutra\/","title":{"rendered":"Hrvatska Sutra"},"content":{"rendered":"<h3 style=\"color: blue; text-align: center;\">Hrvatska sutra<\/h3><br><b>13.04.26<\/b><br><br>Promjenljivo, osobito u unutra\u0161njosti i prete\u017eno obla\u010dno, te nestabilno. Povremeno ki\u0161a, na Jadranu i predjelima uz njega i pljuskovi s grmljavinom, a lokalno je mogu\u0107a i obilnija oborina. Puhat \u0107e slab do umjeren sjeveroisto\u010dni i isto\u010dni, na istoku i jugoisto\u010dni vjetar. Na Jadranu umjereno i jako jugo, u Dalmaciji jo\u0161 u no\u0107i i olujno, na sjevernom dijelu ponegdje isto\u010dni vjetar i bura. Najni\u017ea temperatura ve\u0107inom od 9 do 13, na Jadranu od 13 do 16 \u00b0C. Najvi\u0161a dnevna izme\u0111u 14 i 19, na Jadranu od 18 do 22 \u00b0C.<iframe src=\"https:\/\/sibenik-meteo.hr\/portal\/web\/dhmz\/karta\/karta_prognoza_sutra.php\" border=\"0\" cellspacing=\"0\" style=\"border-style: none; width: 100%; height:320px; text-align: center;\" frameborder=\"0\"><\/iframe><a href=\"https:\/\/meteo.hr\/\" target=\"_blank\"><small style=\"color: blue; text-align: center; float: right;\" >Izvor: DHMZ<\/small><\/a>\n","protected":false},"excerpt":{"rendered":"","protected":false},"author":1,"featured_media":0,"parent":0,"menu_order":0,"comment_status":"closed","ping_status":"closed","template":"","meta":{"_monsterinsights_skip_tracking":false,"_monsterinsights_sitenote_active":false,"_monsterinsights_sitenote_note":"","_monsterinsights_sitenote_category":0,"footnotes":""},"class_list":["post-398","page","type-page","status-publish","hentry"],"_links":{"self":[{"href":"https:\/\/sibenik-meteo.hr\/index.php\/wp-json\/wp\/v2\/pages\/398","targetHints":{"allow":["GET"]}}],"collection":[{"href":"https:\/\/sibenik-meteo.hr\/index.php\/wp-json\/wp\/v2\/pages"}],"about":[{"href":"https:\/\/sibenik-meteo.hr\/index.php\/wp-json\/wp\/v2\/types\/page"}],"author":[{"embeddable":true,"href":"https:\/\/sibenik-meteo.hr\/index.php\/wp-json\/wp\/v2\/users\/1"}],"replies":[{"embeddable":true,"href":"https:\/\/sibenik-meteo.hr\/index.php\/wp-json\/wp\/v2\/comments?post=398"}],"version-history":[{"count":4,"href":"https:\/\/sibenik-meteo.hr\/index.php\/wp-json\/wp\/v2\/pages\/398\/revisions"}],"predecessor-version":[{"id":569,"href":"https:\/\/sibenik-meteo.hr\/index.php\/wp-json\/wp\/v2\/pages\/398\/revisions\/569"}],"wp:attachment":[{"href":"https:\/\/sibenik-meteo.hr\/index.php\/wp-json\/wp\/v2\/media?parent=398"}],"curies":[{"name":"wp","href":"https:\/\/api.w.org\/{rel}","templated":true}]}}