{"id":3524,"date":"2022-09-11T21:08:14","date_gmt":"2022-09-11T19:08:14","guid":{"rendered":"https:\/\/sibenik-meteo.hr\/?page_id=3524"},"modified":"2025-07-12T23:57:35","modified_gmt":"2025-07-12T21:57:35","slug":"jug-i-otoci-sibensko-kninske-zupanije","status":"publish","type":"page","link":"https:\/\/sibenik-meteo.hr\/index.php\/jug-i-otoci-sibensko-kninske-zupanije\/","title":{"rendered":"Jug i otoci \u0160ibensko-kninske \u017eupanije"},"content":{"rendered":"\n<p>Panoramske kamere uz bolju percepciju  vremenskih prilika omogu\u0107uju i    dodatnu turisti\u010dku valorizaciju i  promid\u017ebu lokacije.  Uz \u0160ibenik Meteo u suradnji sa <a href=\"https:\/\/www.whatsupcams.com\"><em>Whatsupcams<\/em><\/a> &amp; <a href=\"https:\/\/www.livecamcroatia.com\"><em>LiveCam Croatia<\/em><\/a> donosimo najzanimljivije i najgledanije kamere sa podru\u010dja ju\u017enog i oto\u010dnog dijela \u0160ibensko-kninske \u017eupanije.   <\/p>\n\n\n\n<figure class=\"wp-block-image\"><img decoding=\"async\" src=\"https:\/\/sibenik-meteo.hr\/weather\/web_cam\/rogoznica\/cam_2.php\" alt=\"\"\/><figcaption>Rogoznica<\/figcaption><\/figure>\n\n\n\n<figure class=\"wp-block-image\"><img decoding=\"async\" src=\"https:\/\/cdn.whatsupcams.com\/snapshot\/hr_rogoznica01.jpg\" alt=\"\"\/><figcaption>Rogoznica<\/figcaption><\/figure>\n\n\n\n<figure class=\"wp-block-image\"><img decoding=\"async\" src=\"https:\/\/sibenik-meteo.hr\/weather\/web_cam\/mti_sat\/primosten_rudina\/cam_4.php\" alt=\"\"\/><figcaption>Primo\u0161ten<\/figcaption><\/figure>\n\n\n\n<figure class=\"wp-block-image\"><img decoding=\"async\" src=\"https:\/\/sibenik-meteo.hr\/\/weather\/web_cam\/mti_sat\/primosten_trg\/cam_4.php\" alt=\"\"\/><figcaption>Primo\u0161ten<\/figcaption><\/figure>\n\n\n\n<figure class=\"wp-block-image\"><img decoding=\"async\" src=\"https:\/\/sibenik-meteo.hr\/weather\/web_cam\/mti_sat\/primosten_vlaho\/cam_4.php\" alt=\"\"\/><figcaption>Primo\u0161ten<\/figcaption><\/figure>\n\n\n\n<figure class=\"wp-block-image\"><img decoding=\"async\" src=\"https:\/\/sibenik-meteo.hr\/weather\/web_cam\/mti_sat\/primosten_riva\/cam_4.php\" alt=\"\"\/><figcaption>Primo\u0161ten<\/figcaption><\/figure>\n\n\n\n<figure class=\"wp-block-image\"><img decoding=\"async\" src=\"https:\/\/sibenik-meteo.hr\/weather\/web_cam\/mti_sat\/primosten_nizic\/cam_4.php\" alt=\"\"\/><\/figure>\n\n\n\n<figure class=\"wp-block-image\"><img decoding=\"async\" src=\"https:\/\/sibenik-meteo.hr\/weather\/web_cam\/mti_sat\/primosten_plaza\/cam_4.php\" alt=\"\"\/><figcaption>Primo\u0161ten<\/figcaption><\/figure>\n\n\n\n<figure class=\"wp-block-image\"><img decoding=\"async\" src=\"https:\/\/sibenik-meteo.hr\/weather\/web_cam\/zlarin\/cam_4.php\" alt=\"\"\/><figcaption>Zlarin<\/figcaption><\/figure>\n\n\n\n<figure class=\"wp-block-image\"><img decoding=\"async\" src=\"https:\/\/sibenik-meteo.hr\/weather\/web_cam\/sepurina\/cam_4.php\" alt=\"\"\/><figcaption>Prvi\u0107 \u0160epurine<\/figcaption><\/figure>\n\n\n\n<figure class=\"wp-block-image\"><img decoding=\"async\" src=\"https:\/\/sibenik-meteo.hr\/weather\/web_cam\/zirje\/cam_1.php\" alt=\"\"\/><figcaption>Otok \u017dirje &#8211; Uvala Muna<\/figcaption><\/figure>\n\n\n\n<div class=\"wp-block-image\"><figure class=\"aligncenter\"><img decoding=\"async\" src=\"https:\/\/sibenik-meteo.hr\/weather\/web_cam\/kaprije\/cam_4.php\" alt=\"\"\/><figcaption>Otok Kaprije<\/figcaption><\/figure><\/div>\n\n\n\n<figure class=\"wp-block-image\"><img decoding=\"async\" src=\"https:\/\/sibenik-meteo.hr\/weather\/web_cam\/krapanj\/riva\/cam_4.php\" alt=\"\"\/><figcaption>Otok Krapanj<br><\/figcaption><\/figure>\n\n\n\n<figure class=\"wp-block-image\"><img decoding=\"async\" src=\"https:\/\/sibenik-meteo.hr\/weather\/web_cam\/krapanj\/cam_1.php\" alt=\"\"\/><figcaption>Otok Krapanj &#8211; Pogled na Brodaricu<\/figcaption><\/figure>\n\n\n\n<figure class=\"wp-block-image\"><img decoding=\"async\" src=\"https:\/\/sibenik-meteo.hr\/weather\/web_cam\/planka\/cam_4.php\" alt=\"\"\/><figcaption>Punta Planka &#8211; Pogled na jug<\/figcaption><\/figure>\n\n\n\n<figure class=\"wp-block-image\"><img decoding=\"async\" src=\"https:\/\/sibenik-meteo.hr\/weather\/amp\/planka\/cam_4.php\" alt=\"\"\/><figcaption>Punta Planka &#8211; Pogled na zapad i svjetionik Mulo<\/figcaption><\/figure>\n","protected":false},"excerpt":{"rendered":"<p>Panoramske kamere uz bolju percepciju vremenskih prilika omogu\u0107uju i dodatnu turisti\u010dku valorizaciju i promid\u017ebu lokacije&#8230;.<\/p>\n","protected":false},"author":2,"featured_media":0,"parent":0,"menu_order":0,"comment_status":"closed","ping_status":"closed","template":"","meta":{"_monsterinsights_skip_tracking":false,"_monsterinsights_sitenote_active":false,"_monsterinsights_sitenote_note":"","_monsterinsights_sitenote_category":0,"footnotes":""},"class_list":["post-3524","page","type-page","status-publish","hentry"],"_links":{"self":[{"href":"https:\/\/sibenik-meteo.hr\/index.php\/wp-json\/wp\/v2\/pages\/3524","targetHints":{"allow":["GET"]}}],"collection":[{"href":"https:\/\/sibenik-meteo.hr\/index.php\/wp-json\/wp\/v2\/pages"}],"about":[{"href":"https:\/\/sibenik-meteo.hr\/index.php\/wp-json\/wp\/v2\/types\/page"}],"author":[{"embeddable":true,"href":"https:\/\/sibenik-meteo.hr\/index.php\/wp-json\/wp\/v2\/users\/2"}],"replies":[{"embeddable":true,"href":"https:\/\/sibenik-meteo.hr\/index.php\/wp-json\/wp\/v2\/comments?post=3524"}],"version-history":[{"count":9,"href":"https:\/\/sibenik-meteo.hr\/index.php\/wp-json\/wp\/v2\/pages\/3524\/revisions"}],"predecessor-version":[{"id":6805,"href":"https:\/\/sibenik-meteo.hr\/index.php\/wp-json\/wp\/v2\/pages\/3524\/revisions\/6805"}],"wp:attachment":[{"href":"https:\/\/sibenik-meteo.hr\/index.php\/wp-json\/wp\/v2\/media?parent=3524"}],"curies":[{"name":"wp","href":"https:\/\/api.w.org\/{rel}","templated":true}]}}