{"id":3518,"date":"2022-09-11T20:44:25","date_gmt":"2022-09-11T18:44:25","guid":{"rendered":"https:\/\/sibenik-meteo.hr\/?page_id=3518"},"modified":"2025-07-13T00:03:15","modified_gmt":"2025-07-12T22:03:15","slug":"zapad-sibensko-kninske-zupanije","status":"publish","type":"page","link":"https:\/\/sibenik-meteo.hr\/index.php\/zapad-sibensko-kninske-zupanije\/","title":{"rendered":"Zapad \u0160ibensko-kninske \u017eupanije"},"content":{"rendered":"\n<p>Panoramske kamere uz bolju percepciju  vremenskih prilika omogu\u0107uju i  dodatnu turisti\u010dku valorizaciju i  promid\u017ebu lokacije.  Uz \u0160ibenik Meteo  u suradnji sa <a href=\"https:\/\/www.whatsupcams.com\"><em>Whatsupcams<\/em><\/a> &amp; <a href=\"https:\/\/www.livecamcroatia.com\"><em>LiveCam Croatia<\/em><\/a> donosimo najzanimljivije i najgledanije kamere sa podru\u010dja zapadnog dijela \u0160ibensko-kninske \u017eupanije. <\/p>\n\n\n\n<figure class=\"wp-block-image\"><img decoding=\"async\" src=\"https:\/\/cdn.whatsupcams.com\/snapshot\/hr_vodice4.jpg\" alt=\"\"\/><figcaption>Vodice<\/figcaption><\/figure>\n\n\n\n<figure class=\"wp-block-image\"><img decoding=\"async\" src=\"https:\/\/sibenik-meteo.hr\/weather\/web_cam\/vodice\/cam_4.php\" alt=\"\"\/><figcaption>Vodice<\/figcaption><\/figure>\n\n\n\n<figure class=\"wp-block-image\"><img decoding=\"async\" src=\"https:\/\/sibenik-meteo.hr\/weather\/web_cam\/mti_sat\/pirovac\/cam_4.php\" alt=\"\"\/><figcaption>Pirovac<\/figcaption><\/figure>\n\n\n\n<figure class=\"wp-block-image\"><img decoding=\"async\" src=\"https:\/\/cdn.whatsupcams.com\/snapshot\/hr_pirovac01.jpg\" alt=\"\"\/><figcaption>Pirovac<\/figcaption><\/figure>\n\n\n\n<figure class=\"wp-block-image\"><img decoding=\"async\" src=\"https:\/\/sibenik-meteo.hr\/weather\/web_cam\/pirovac\/cam_4.php\" alt=\"\"\/><figcaption>Pirovac &#8211; Marina<\/figcaption><\/figure>\n\n\n\n<figure class=\"wp-block-image\"><img decoding=\"async\" src=\"https:\/\/cdn.whatsupcams.com\/snapshot\/hr_tribunj01.jpg\" alt=\"\"\/><figcaption>Tribunj<\/figcaption><\/figure>\n\n\n\n<figure class=\"wp-block-image\"><img decoding=\"async\" src=\"https:\/\/cdn.whatsupcams.com\/snapshot\/hr_murter02.jpg\" alt=\"\"\/><figcaption>Murter &#8211; Centar<\/figcaption><\/figure>\n\n\n\n<figure class=\"wp-block-image\"><img decoding=\"async\" src=\"https:\/\/cdn.whatsupcams.com\/snapshot\/hr_murter01.jpg\" alt=\"\"\/><figcaption>Murter &#8211; Marina<\/figcaption><\/figure>\n\n\n\n<figure class=\"wp-block-image\"><img decoding=\"async\" src=\"https:\/\/sibenik-meteo.hr\/weather\/web_cam\/jezera\/cam_4.php\" alt=\"\"\/><figcaption>Jezera &#8211; Pogled na mjesto i ACI marinu<\/figcaption><\/figure>\n\n\n\n<figure class=\"wp-block-image\"><img decoding=\"async\" src=\"https:\/\/sibenik-meteo.hr\/weather\/web_cam\/\/mti_sat\/Jezera\/cam_4.php\" alt=\"\"\/><figcaption>Jezera &#8211; Pogled na jugoistok<\/figcaption><\/figure>\n\n\n\n<figure class=\"wp-block-image\"><img decoding=\"async\" src=\"https:\/\/sibenik-meteo.hr\/weather\/web_cam\/mti_sat\/slanica\/cam_4.php\" alt=\"\"\/><figcaption>Murter &#8211; Kamp Slanica<\/figcaption><\/figure>\n\n\n\n<figure class=\"wp-block-image\"><img decoding=\"async\" src=\"https:\/\/cdn.whatsupcams.com\/snapshot\/hr_murter03.jpg\" alt=\"\"\/><figcaption>Murter &#8211; Pla\u017ea Slanica<\/figcaption><\/figure>\n\n\n\n<figure class=\"wp-block-image\"><img decoding=\"async\" src=\"https:\/\/sibenik-meteo.hr\/weather\/web_cam\/mti_sat\/betina_ponton\/cam_4.php\" alt=\"\"\/><figcaption>Betina &#8211; Marina<\/figcaption><\/figure>\n\n\n\n<figure class=\"wp-block-image\"><img decoding=\"async\" src=\"https:\/\/sibenik-meteo.hr\/weather\/web_cam\/mti_sat\/betina_dizalica\/cam_4.php\" alt=\"\"\/><figcaption>Betina &#8211; Marina<\/figcaption><\/figure>\n\n\n\n<figure class=\"wp-block-image\"><img decoding=\"async\" src=\"https:\/\/sibenik-meteo.hr\/weather\/web_cam\/mti_sat\/betina_livo\/cam_4.php\" alt=\"\"\/><figcaption>Betina &#8211; Marina<\/figcaption><\/figure>\n\n\n\n<div class=\"wp-block-image\"><figure class=\"aligncenter\"><img decoding=\"async\" src=\"https:\/\/sibenik-meteo.hr\/weather\/web_cam\/puticanje2\/cam_4.php\" alt=\"\"\/><figcaption>Puti\u010danje<\/figcaption><\/figure><\/div>\n\n\n\n<figure class=\"wp-block-image\"><img decoding=\"async\" src=\"https:\/\/cdn.whatsupcams.com\/snapshot\/hr_sovlje01.jpg\" alt=\"\"\/><figcaption>Sovlje<\/figcaption><\/figure>\n","protected":false},"excerpt":{"rendered":"<p>Panoramske kamere uz bolju percepciju vremenskih prilika omogu\u0107uju i dodatnu turisti\u010dku valorizaciju i promid\u017ebu lokacije&#8230;.<\/p>\n","protected":false},"author":2,"featured_media":0,"parent":0,"menu_order":0,"comment_status":"closed","ping_status":"closed","template":"","meta":{"_monsterinsights_skip_tracking":false,"_monsterinsights_sitenote_active":false,"_monsterinsights_sitenote_note":"","_monsterinsights_sitenote_category":0,"footnotes":""},"class_list":["post-3518","page","type-page","status-publish","hentry"],"_links":{"self":[{"href":"https:\/\/sibenik-meteo.hr\/index.php\/wp-json\/wp\/v2\/pages\/3518","targetHints":{"allow":["GET"]}}],"collection":[{"href":"https:\/\/sibenik-meteo.hr\/index.php\/wp-json\/wp\/v2\/pages"}],"about":[{"href":"https:\/\/sibenik-meteo.hr\/index.php\/wp-json\/wp\/v2\/types\/page"}],"author":[{"embeddable":true,"href":"https:\/\/sibenik-meteo.hr\/index.php\/wp-json\/wp\/v2\/users\/2"}],"replies":[{"embeddable":true,"href":"https:\/\/sibenik-meteo.hr\/index.php\/wp-json\/wp\/v2\/comments?post=3518"}],"version-history":[{"count":7,"href":"https:\/\/sibenik-meteo.hr\/index.php\/wp-json\/wp\/v2\/pages\/3518\/revisions"}],"predecessor-version":[{"id":6807,"href":"https:\/\/sibenik-meteo.hr\/index.php\/wp-json\/wp\/v2\/pages\/3518\/revisions\/6807"}],"wp:attachment":[{"href":"https:\/\/sibenik-meteo.hr\/index.php\/wp-json\/wp\/v2\/media?parent=3518"}],"curies":[{"name":"wp","href":"https:\/\/api.w.org\/{rel}","templated":true}]}}