{"id":3512,"date":"2022-09-11T19:50:34","date_gmt":"2022-09-11T17:50:34","guid":{"rendered":"https:\/\/sibenik-meteo.hr\/?page_id=3512"},"modified":"2025-07-13T00:00:58","modified_gmt":"2025-07-12T22:00:58","slug":"grad-sibenik-i-okolica","status":"publish","type":"page","link":"https:\/\/sibenik-meteo.hr\/index.php\/grad-sibenik-i-okolica\/","title":{"rendered":"Grad \u0160ibenik i okolica"},"content":{"rendered":"\n<p>Panoramske kamere uz bolju percepciju  vremenskih prilika omogu\u0107uju i dodatnu turisti\u010dku valorizaciju i  promid\u017ebu lokacije.  Uz \u0160ibenik Meteo u suradnji sa <a href=\"https:\/\/www.whatsupcams.com\"><em>Whatsupcams<\/em><\/a> &amp; <a href=\"https:\/\/www.livecamcroatia.com\"><em>LiveCam Croatia<\/em><\/a> donosimo najzanimljivije i najgledanije kamere sa lokacije.<\/p>\n\n\n\n<figure class=\"wp-block-image\"><img decoding=\"async\" src=\"https:\/\/sibenik-meteo.hr\/weather\/web_cam\/mti_sat\/sibenik_riva\/cam_4.php\" alt=\"\"\/><figcaption>\u0160ibenik &#8211; Riva<\/figcaption><\/figure>\n\n\n\n<figure class=\"wp-block-image\"><img decoding=\"async\" src=\"https:\/\/sibenik-meteo.hr\/weather\/web_cam\/gimnazija\/cam_4.php\" alt=\"\"\/><figcaption>\u0160ibenik &#8211; pogled sa Gimnazije<\/figcaption><\/figure>\n\n\n\n<figure class=\"wp-block-image\"><img decoding=\"async\" src=\"https:\/\/cdn.whatsupcams.com\/snapshot\/hr_sibenik02.jpg\" alt=\"\"\/><figcaption>\u0160ibenik &#8211; Pla\u017ea Banj<\/figcaption><\/figure>\n\n\n\n<figure class=\"wp-block-image\"><img decoding=\"async\" src=\"https:\/\/sibenik-meteo.hr\/weather\/web_cam\/subicevac\/cam_4.php\" alt=\"\"\/><figcaption>\u0160ibenik &#8211; Pogled sa \u0160ubi\u0107evca<br><br><\/figcaption><\/figure>\n\n\n\n<figure class=\"wp-block-image\"><img decoding=\"async\" src=\"https:\/\/sibenik-meteo.hr\/weather\/web_cam\/brodarica\/cam_2.php\" alt=\"\"\/><figcaption>Brodarica &#8211; Gradska pla\u017ea Rezali\u0161te<\/figcaption><\/figure>\n\n\n\n<figure class=\"wp-block-image\"><img decoding=\"async\" src=\"https:\/\/sibenik-meteo.hr\/weather\/web_cam\/zaton\/cam_1.php\" alt=\"\"\/><figcaption>Zaton kod \u0160ibenika<\/figcaption><\/figure>\n\n\n\n<div class=\"wp-block-image\"><figure class=\"aligncenter\"><img decoding=\"async\" src=\"https:\/\/sibenik-meteo.hr\/weather\/web_cam\/mti_sat\/bilice\/cam_4.php\" alt=\"\"\/><figcaption>Bilice Vrulje<\/figcaption><\/figure><\/div>\n","protected":false},"excerpt":{"rendered":"<p>Panoramske kamere uz bolju percepciju vremenskih prilika omogu\u0107uju i dodatnu turisti\u010dku valorizaciju i promid\u017ebu lokacije&#8230;.<\/p>\n","protected":false},"author":2,"featured_media":0,"parent":0,"menu_order":0,"comment_status":"closed","ping_status":"closed","template":"","meta":{"_monsterinsights_skip_tracking":false,"_monsterinsights_sitenote_active":false,"_monsterinsights_sitenote_note":"","_monsterinsights_sitenote_category":0,"footnotes":""},"class_list":["post-3512","page","type-page","status-publish","hentry"],"_links":{"self":[{"href":"https:\/\/sibenik-meteo.hr\/index.php\/wp-json\/wp\/v2\/pages\/3512","targetHints":{"allow":["GET"]}}],"collection":[{"href":"https:\/\/sibenik-meteo.hr\/index.php\/wp-json\/wp\/v2\/pages"}],"about":[{"href":"https:\/\/sibenik-meteo.hr\/index.php\/wp-json\/wp\/v2\/types\/page"}],"author":[{"embeddable":true,"href":"https:\/\/sibenik-meteo.hr\/index.php\/wp-json\/wp\/v2\/users\/2"}],"replies":[{"embeddable":true,"href":"https:\/\/sibenik-meteo.hr\/index.php\/wp-json\/wp\/v2\/comments?post=3512"}],"version-history":[{"count":12,"href":"https:\/\/sibenik-meteo.hr\/index.php\/wp-json\/wp\/v2\/pages\/3512\/revisions"}],"predecessor-version":[{"id":6806,"href":"https:\/\/sibenik-meteo.hr\/index.php\/wp-json\/wp\/v2\/pages\/3512\/revisions\/6806"}],"wp:attachment":[{"href":"https:\/\/sibenik-meteo.hr\/index.php\/wp-json\/wp\/v2\/media?parent=3512"}],"curies":[{"name":"wp","href":"https:\/\/api.w.org\/{rel}","templated":true}]}}

Grad Šibenik i okolica

<p>Panoramske kamere uz bolju percepciju  vremenskih prilika omogućuju i dodatnu turističku valorizaciju i  promidžbu lokacije.  Uz Šibenik Meteo u suradnji sa <a href="https://www.whatsupcams.com"><em>Whatsupcams</em></a> &amp; <a href="https://www.livecamcroatia.com"><em>LiveCam Croatia</em></a> donosimo najzanimljivije i najgledanije kamere sa lokacije.</p>



<figure class="wp-block-image"><img decoding="async" src="https://sibenik-meteo.hr/weather/web_cam/mti_sat/sibenik_riva/cam_4.php" alt=""/><figcaption>Šibenik &#8211; Riva</figcaption></figure>



<figure class="wp-block-image"><img decoding="async" src="https://sibenik-meteo.hr/weather/web_cam/gimnazija/cam_4.php" alt=""/><figcaption>Šibenik &#8211; pogled sa Gimnazije</figcaption></figure>



<figure class="wp-block-image"><img decoding="async" src="https://cdn.whatsupcams.com/snapshot/hr_sibenik02.jpg" alt=""/><figcaption>Šibenik &#8211; Plaža Banj</figcaption></figure>



<figure class="wp-block-image"><img decoding="async" src="https://sibenik-meteo.hr/weather/web_cam/subicevac/cam_4.php" alt=""/><figcaption>Šibenik &#8211; Pogled sa Šubićevca<br><br></figcaption></figure>



<figure class="wp-block-image"><img decoding="async" src="https://sibenik-meteo.hr/weather/web_cam/brodarica/cam_2.php" alt=""/><figcaption>Brodarica &#8211; Gradska plaža Rezalište</figcaption></figure>



<figure class="wp-block-image"><img decoding="async" src="https://sibenik-meteo.hr/weather/web_cam/zaton/cam_1.php" alt=""/><figcaption>Zaton kod Šibenika</figcaption></figure>



<div class="wp-block-image"><figure class="aligncenter"><img decoding="async" src="https://sibenik-meteo.hr/weather/web_cam/mti_sat/bilice/cam_4.php" alt=""/><figcaption>Bilice Vrulje</figcaption></figure></div>

<p>Panoramske kamere uz bolju percepciju vremenskih prilika omogućuju i dodatnu turističku valorizaciju i promidžbu lokacije&#8230;.</p>
